+ 75 = -3*v. Let s = v + x. Let q(h) = h**3 - h + 6. Calculate q(s).
6
Let g(b) = b**3 + 8*b**2 + b + 8. Let l be g(-8). Let c(t) be the second derivative of -t**5/20 - t**4/12 - 3*t**2 + 20*t. What is c(l)?
-6
Suppose -6*d = -9*d. Suppose d = s - 0*s - 5*p - 25, 0 = 3*s + 2*p - 7. Let v(r) = r**3 - 5*r**2 + 2*r - 2. Give v(s).
8
Let q = 28 - -19. Let y = q - 44. Let m(x) = -x**2 + 4*x + 2. Determine m(y).
5
Let c(j) = -j + 2. Suppose 2*t + 2*a + 3*a + 15 = 0, -3*t + a + 3 = 0. Let u be ((-18)/(-8))/(12*(-8)/(-256)). Suppose -2*f + u*f - 28 = t. What is c(f)?
-5
Let d be (-10 - -14) + (-4)/2. Let s(p) = 2*p**d + 4 - 3*p**2 + 1 + 2*p - 3. Give s(4).
-6
Let a = -29 - -34. Let d = 1 + a. Let s(u) = u**2 - 6*u + 3. Calculate s(d).
3
Let m(o) = -19 - 17*o - 6*o + 18*o. What is m(-13)?
46
Let m(h) = h**3 + 7*h**2 + 4*h - 6. Let y be m(-6). Let o(k) = 22*k**2 - 2*k - 37*k**2 - 3*k**3 + 2*k**3 + 3 + 21*k**2. Determine o(y).
-9
Let r be 4/(8/6) + -46. Let x = r - -63. Let o be 8/x*(-1 - 4). Let p(c) = -2*c**3 + c + 2. Give p(o).
16
Let l(f) = -f + 3. Suppose -4*w + 4 + 9 = 3*t, w - 1 = 0. What is l(t)?
0
Let g(p) = 3*p + 1. Let u(f) = -4*f - 5. Let b(n) = g(n) + u(n). Determine b(0).
-4
Let l(z) = 70*z**2 - 71*z**2 - 9 + 1 - 9*z - 2. Give l(-8).
-2
Let i(h) = h + 14. Let n be i(-11). Let s be 33/11*(-2)/n. Let g(c) = 2*c**3 + 2*c**2 - 2*c - 1. Calculate g(s).
-5
Let n(i) = 3*i**2 + 2*i - 9. Let h(a) = -10*a**2 - 7*a + 29. Let y(r) = 2*h(r) + 7*n(r). Determine y(-4).
11
Suppose 5*k + 3*i - 6*i = 241, 4*k + i = 203. Let w = k + -44. Let t(g) = g**3 - 7*g**2 + 6*g + 1. What is t(w)?
1
Let u(l) = -2*l**2 - l + 1. Let r(t) = 8*t**2 + 3*t - 5. Let a(c) = -r(c) - 5*u(c). Calculate a(-4).
24
Let s(j) = j**2 - 6*j + 1. Let o = -4 - -10. Let k(t) = -o - 2*t + 3*t - 3*t. Let g be k(-6). Calculate s(g).
1
Let n(h) = -14*h**2 + 8*h + 3. Let q(t) = -5*t**2 + 3*t + 1. Let a(o) = -4*n(o) + 11*q(o). Determine a(-3).
5
Let l(w) be the first derivative of 1/3*w**3 + 2*w - 5/2*w**2 + 1. Suppose 0 = -2*m - 0*m + 12. Give l(m).
8
Let o(z) = 3*z - 26. Let x(n) = n - 8. Let h(i) = 2*o(i) - 7*x(i). What is h(-5)?
9
Suppose 0 = -3*o + 4 + 2. Suppose -7*s = 4*q - 2*s - 10, -5*q + s = -27. Let n(i) = 40 - 39 + 0*i - q*i. Give n(o).
-9
Let q(c) = 2*c**2 - 11*c. Let h(t) = -3*t**2 + 1 + 0*t**2 + 2*t**2 + 10*t. Let z(r) = -4*h(r) - 3*q(r). What is z(-5)?
-19
Let m be (-4)/12 + 32/6. Suppose -f - m*f + 72 = 0. Suppose -h - 4*h = -x - f, -2*x + 4*h = 12. Let r(n) = 5*n + 1. Give r(x).
-9
Let f(z) = 3 + z**3 - 1008*z - 1004*z + 2017*z - 5*z**2 - 2*z**2. What is f(6)?
-3
Let z(o) = -2*o**2 - 7*o + 3. Let d(h) = h**2 + 4*h - 2. Let g(s) = -5*d(s) - 2*z(s). Let u = 13 + 9. Let p = u - 27. Give g(p).
9
Let c(y) = -7*y - 1. Let d be c(-1). Let h(f) = -5*f**2 - 7*f - 1. Let z(i) = -16*i**2 - 23*i - 5. Let j(l) = 13*h(l) - 4*z(l). Give j(d).
-23
Let b(v) be the second derivative of -v**5/20 + 11*v**4/12 + v**3/3 - 9*v**2/2 - 34*v - 2. Give b(11).
13
Suppose 1 = -u + 33. Suppose 0 = 5*z + 2*b - u, z + 4*b - 28 = -3*z. Let d(k) = -k + 7. What is d(z)?
1
Suppose 16 - 16 = -15*u. Let y(i) = i**3 + i**2 + i + 8. Give y(u).
8
Let k(t) = -17*t + 56. Let l be k(3). Let n(r) = r**3 - 4*r**2 + 3*r - 6. Determine n(l).
34
Let m(w) = -2*w + 5*w + 2*w - 1 - 7*w. Let f(q) = q - 1. Let x(j) = f(j) + m(j). Give x(-4).
2
Let m(c) = c**3 - c + 2. Suppose 0 = -17*g + 7*g + 40. Let a(w) = 3*w. Let z be a(1). Suppose -z*f = -g*f. Determine m(f).
2
Suppose 3*c = -3*c + 18. Let z(j) = 0 - c*j**2 + 7 - 7 + j - j**3. Suppose -3*r - 3*v = v + 9, -2*r - 6 = 2*v. Determine z(r).
-3
Let u(p) = 4*p**2 - 9*p + 7. Let b be u(3). Let y(n) = -3 + 3 - b*n + 6*n. Determine y(2).
-20
Suppose -2*b + 3 = x, -3*x = 9*b - 6*b. Let l(m) = 2*m**2 + m - 1. Calculate l(x).
14
Suppose -2 = -4*k + 2. Let a(n) = 10*n**2 + 15*n - 31. Let g(o) = o**2 + 3*o - 6. Let u(r) = a(r) - 5*g(r). Determine u(k).
4
Suppose j - 12 = 3*j. Let g(t) = 5*t + 10. Let a(m) = -m - 1. Let z(n) = 6*a(n) + 2*g(n). Let f(d) = -2*d - 7. Let o(k) = -7*f(k) - 3*z(k). What is o(j)?
-5
Let f = 2 - 4. Let m(x) = x + 3. Let b be m(f). Let y(q) = -5 + 2 + q + 1 - b. What is y(-6)?
-9
Let o(n) = 10*n - 1. Suppose -2*y = -3*d - 2*d + 13, 5*d + 2*y = -3. What is o(d)?
9
Let j(n) be the third derivative of -n**5/60 + n**4/3 - n**3 + 72*n**2. Give j(4).
10
Let j(g) = -g**3 - 3*g**2 - 3*g + 4. Let c be j(0). Let r(a) = -a**2 + 5*a + 3. Give r(c).
7
Let t(n) = 12*n - 15*n - n + 6*n - 3 - 3*n. Give t(1).
-4
Let u(i) be the second derivative of i**7/840 + i**6/40 + i**4/4 - 11*i**3/6 - 16*i. Let b(y) be the second derivative of u(y). What is b(-9)?
6
Let l(u) = u**3 + 4*u**2 - 4*u + 2. Let d be 2 - 35/(2/(-2)). Suppose -7 = -3*g - d. Let p(x) = -x**3 - 10*x**2 - 5. Let w be p(g). What is l(w)?
-3
Let t(d) = -5*d**3 + 3*d**2 - d - 2. Let k(f) be the third derivative of f**6/120 + f**3/6 - 10*f**2. Let l(c) = 6*k(c) + t(c). What is l(-4)?
-8
Let c(u) be the second derivative of -u**3/3 + 7*u**2/2 + 59*u. Calculate c(6).
-5
Let w be (4 - 3)*5 + 12/(-4). Let d(h) = -w*h + 11*h + 4 - h**2 - 5*h. Let j(v) = -v + 1. Let m be j(-3). Calculate d(m).
4
Let a be 40/16 - 1/(-2). Let l(o) be the third derivative of 0*o - 3*o**2 + 0 + 1/2*o**3 - 1/6*o**4. Calculate l(a).
-9
Let l = 5 + -2. Suppose 6 = -2*v - 4*k + 24, -5*v + 34 = -k. Let g(y) = v + 12*y - 30*y + 17*y. Give g(l).
4
Let m = -187 + 194. Let w(u) = -u**2 + 5*u - 3. Determine w(m).
-17
Let p(h) = -5*h - 1. Let x be 40/(-18) + (-12)/(-54). Let o be p(x). Let s = o - 2. Let q(k) = k - 2. Give q(s).
5
Suppose 0 = 4*s + s + 3*f + 82, 0 = s - 3*f + 2. Let o = s - 1. Let v = -10 - o. Let k(d) = d**3 - 6*d**2 + 3*d - 1. Give k(v).
-11
Let u(i) = i**3 + i**2. Let h(t) = -23*t**3 - 6*t**2 - t - 1. Let d(f) = -h(f) - 5*u(f). Suppose -2*l - 3*w - 5 = 3*l, -5*l - 5 = -4*w. What is d(l)?
-17
Let s(c) be the second derivative of -5*c**4/12 + c**3/2 + c**2 - c. Suppose -63*x + 4*y = -66*x - 10, x - 1 = 3*y. Determine s(x).
-24
Let j(v) = 3*v + 1. Let a(b) = 13*b + 5. Let s(f) = -4*a(f) + 18*j(f). Determine s(-6).
-14
Let t(j) = -6*j + 17*j + 7*j**2 + 3 - 8*j**2. Determine t(8).
27
Let v be ((-3)/5)/(2/(-10)). Let t(c) = 0*c - c + 6 + v - 2. What is t(8)?
-1
Let r(o) = o - 4. Let u be r(7). Let j(i) = 5*i + 1. Calculate j(u).
16
Suppose -3*b - 12 = -6*o + 3*o, -23 = -4*o - 3*b. Suppose 0 = 5*m + 2*z - 0*z - 10, o*z = 3*m - 6. Let w(h) = -2*h**3 + h**2 + 3*h - 2. Calculate w(m).
-8
Let v(h) = h**2 + 3*h - 2. Let t(i) be the first derivative of -i**3/3 - 2*i**2 + 2*i - 39. Let n(u) = -4*t(u) - 5*v(u). Determine n(0).
2
Let z(y) = -6*y - 5 - 1 + 3 - 4*y**2 + 10*y. Give z(3).
-27
Let u(w) = -3*w**2 - w - 1. Suppose -9*m + 36 = 9*m. Determine u(m).
-15
Let h(v) be the first derivative of v**4/4 - 7*v**3/3 - v**2/2 + 7*v + 76. Determine h(6).
-35
Let i(n) = -n - 6. Let o(t) = -2. Let w(x) = -i(x) + 5*o(x). Determine w(-7).
-11
Let h(m) = -m**2 + 11*m + 15. Let s be h(12). Let o(k) = -4 + 10*k**2 + s + 132*k - 130*k. Suppose -4*c = 4*x, -3*c + 8*c = -x - 4. Calculate o(x).
11
Let i(z) = 3*z**2 + 11*z. Let j(d) = -4*d**2 + 4*d. Let s(w) = 5*w**2 - 4*w. Let h(a) = -6*j(a) - 5*s(a). Let o(x) = 11*h(x) + 4*i(x). Determine o(-1).
1
Let b = 71 + -69. Let i be 294/56 - b/(-8)*-1. Let c(r) = r**2 - 6*r - 2. What is c(i)?
-7
Suppose 0 = p - 25*p - 96. Let r(n) = n**2 + 2*n - 1. Determine r(p).
7
Let w(l) = -8*l + 43. Let d be w(5). Let u(x) = 0*x**d - 7*x - 8*x - x**3 + 14*x. Determine u(-2).
10
Let k(p) be the first derivative of -p**2 + p - 1. Suppose x + 4*l = 2 - 4, 3*x - l = 7. What is k(x)?
-3
Let a(f) = 6*f + 1. Let i(s) = 2*s**2 + s + 3. Let w be i(0). Calculate a(w).
19
Let w(q) = -2*q**3 + q**2 + q - 1. Let b be w(1). Let f(y) be the first derivative of y**4/4 - y**2 - y + 73. Calculate f(b).
0
Let f(x) = 95*x + 2 - 51*x - 30*x - 5 - x**2. Calculate f(13).
10
Let w(x) = 85*x - 42*x + 5 - 3 - x**3 - 11*x**2 - 29*x + 9. What is w(-12)?
-13
Let i = 61 - 75. Let z be -2 - (-1)/(-2)*i. Let q(u) = -u**3 + 5*u**2 - u - 5. Determine q(z).
-10
Let f(m) = m + 3. Let d be f(-3). Let p be (3*(-2)/(-12))/(2/4). Let w(k) = p + d*k - k + 0. What is w(-1)?
2
Let u(c) = -c + 9. Let r be 18/5 - (-4)/10. Suppose 0 = 7*s - r*s - 27. Determine u(s).
0
Let x(m) = 71*m + 